 is the highest common factor of 144 and c?
18
Let y be (0 + 5/(-3))*-15. Suppose 0 = -3*t + y - 7. What is the highest common divisor of 12 and t?
6
Let t(h) = 2*h**3 - 13*h**2 + 11. Let a be t(7). What is the greatest common factor of 15 and a?
15
Let t(w) = 11*w**3 - 3*w + 2. Let d be t(1). Calculate the greatest common divisor of 70 and d.
10
Let h be (45/6 - 2)*22. Let n = 5 - 3. Suppose n*v - 15 = 7. Calculate the highest common divisor of v and h.
11
Suppose -13 = 4*d - 3*x, -d - 2*x + 5 = -0*x. Let k(l) = -75*l**2. Let h be k(d). Let w = -20 - h. Calculate the greatest common factor of w and 11.
11
Suppose 0 = 5*s - 3*i - 312, 4*s - 320 = -s + 5*i. Let p be (-1)/2 - 1/(-2). Let c be -2 - -1 - (-13 + p). What is the greatest common factor of s and c?
12
Let w = 7 - -52. Let k = 24 - w. Let j = -23 - k. What is the greatest common divisor of 96 and j?
12
Let t(z) = z**2 - 8*z + 2. Let x be t(7). Let i = -3 - x. Suppose 5*g - 2*g = 2*s - 135, 0 = -i*s + 5*g + 145. Calculate the greatest common factor of 12 and s.
12
Let y(s) = -s + 3. Let j = -41 - -28. Let r be y(j). What is the greatest common factor of r and 4?
4
Suppose -3*n + 7 = -5*c, -c + 0 = -4. Calculate the highest common factor of 1 and n.
1
Let h(i) = i**3 + i**2 - i + 1. Let k be h(2). Suppose -w = 3*w - 16, -3*w = 5*z - 287. What is the greatest common divisor of k and z?
11
Let s = -145 + 230. Suppose v - h = 0, v - 2*h = -4 + 2. Suppose -f - v = -36. Calculate the highest common divisor of s and f.
17
Let p(o) be the first derivative of -2*o**3 - 3*o**2 + 4*o + 3 + 1/4*o**4. Let s be p(7). What is the highest common factor of 121 and s?
11
Let k = -410 + 590. Calculate the greatest common factor of 20 and k.
20
Let m = -20 - -54. Let w = m + -10. Calculate the greatest common factor of 8 and w.
8
Let g = 2 - 3. Let o be g*((-4)/(-2) - 10). What is the highest common divisor of o and 32?
8
Suppose 2*h - 26 = -5*q, q + 4*h + 1 - 17 = 0. Let n be (q/(-5))/(4/(-30)). Let j = n + -1. Calculate the greatest common divisor of j and 20.
5
Let v(l) = -6*l - 4 - 1 - 1. Let j = -12 + 3. Let m be v(j). Calculate the greatest common divisor of 16 and m.
16
Suppose 5*q - 16 = 29. Suppose j + 489 = -0*j - 3*h, j - 4*h = -482. Let i be j/15*(-5)/2. What is the highest common divisor of i and q?
9
Suppose -5 = -9*v + 4*v, 3*v - 39 = -3*r. Calculate the greatest common divisor of r and 60.
12
Let c(i) = 4*i**2 - 9*i + 3. Let q be c(3). What is the highest common factor of 348 and q?
12
Let n be (1/(-3))/((-3)/27). Let j be (-52)/(-6) + 1/n. Let o = 7 - -11. Calculate the greatest common divisor of o and j.
9
Let i be 2/6*10*6. Calculate the greatest common factor of i and 140.
20
Suppose 9*t + 4 = 11*t. What is the highest common factor of t and 3?
1
Let n = -96 + 151. Let y(f) = -f**3 - 6*f**2 + 7*f + 5. Let w be y(-7). Suppose -b = w*o - 53 + 1, o = b + 14. What is the highest common divisor of n and o?
11
Suppose -k - 4*k + 440 = 0. What is the highest common divisor of 11 and k?
11
Suppose 15*m - 32 = 14*m. Calculate the greatest common divisor of 32 and m.
32
Let h be ((-520)/(-78))/((-4)/(-6)). What is the highest common factor of h and 80?
10
Let q(l) = 3*l**2 - l + 2. Let y be q(-4). Calculate the greatest common divisor of y and 27.
27
Suppose 2*q - 83 = a, 4*q + 5*a = a + 172. Let p be (-439)/(-7) + 6/21. What is the greatest common divisor of p and q?
21
Let r = -4 - -6. Let v be (12/(-8))/((-2)/24). Calculate the greatest common divisor of r and v.
2
Let b = 7 - 4. Let h be 30/((-1)/b - -1). Suppose -2*t - 4*i + 32 = 0, 0*i + 51 = 3*t + 3*i. Calculate the highest common factor of h and t.
9
Suppose 82 = -19*t + 253. Calculate the greatest common divisor of 9 and t.
9
Suppose 0 = -3*g + 258 + 150. Calculate the greatest common factor of g and 17.
17
Let z be (6/7)/(6/126). Let o be (0 + -3)*24/z. Let l be (-164)/(-10) + o/10. What is the greatest common factor of 128 and l?
16
Suppose y = 2*y - 9. Let o = -102 + 138. Calculate the greatest common factor of y and o.
9
Suppose -4*s + 195 = 79. Let b = s + -9. Calculate the greatest common divisor of 180 and b.
20
Suppose -4 + 6 = q. Let w(c) = c**3 + 7*c**2 + 7*c + 8. Let j be w(-6). Calculate the highest common divisor of q and j.
2
Suppose 140*i - 156 = 134*i. Calculate the greatest common divisor of 39 and i.
13
Suppose s - 5*s = 24. Let m = s + 8. Suppose -85 = -5*u + 5*d, m*d - 54 = -2*u - d. Calculate the greatest common factor of u and 14.
7
Let p be -3 - -1 - 2 - -27. Suppose 85 = -18*b + p*b. What is the highest common divisor of 17 and b?
17
Suppose 2*h + 10 + 6 = 0. Let i = h + 9. What is the greatest common factor of 3 and i?
1
Suppose -8*z + 9*z = 30. What is the highest common divisor of z and 15?
15
Let y be (-416)/(-14) + (-14)/(-49). Suppose 0 = -3*b + 3, -5*b = j - b - y. Calculate the highest common divisor of j and 65.
13
Let f be (9/(-6))/((-4)/24). What is the greatest common divisor of 45 and f?
9
Let u = 9 + -6. Let o be 3/(u + (-78)/28). Calculate the highest common factor of o and 42.
14
Let d(t) = t**2 - 4*t - 3. Let y be d(5). Suppose -3*p - 22 = x - 5*p, -5*x - 50 = y*p. Let c be x/(-2)*2/3. What is the highest common divisor of c and 36?
4
Let p(q) = 3*q**3 + 2*q**2 - 3*q + 1. Let t be p(2). What is the greatest common factor of 18 and t?
9
Let z = 36 + -20. Calculate the highest common divisor of 16 and z.
16
Let l be 6*2*(13 - 5). Calculate the highest common divisor of 12 and l.
12
Let f(l) = 6*l**2 - 3*l + 1. Let p be f(2). Suppose 0 = 4*b - 3*s - 672, 13*s + 533 = 3*b + 18*s. Calculate the greatest common factor of p and b.
19
Suppose -4*u - 3*z + 2 = 0, 2*z + 4 = -u - z. Suppose -7 = -u*c + 17. What is the greatest common factor of 60 and c?
12
Let k(x) = -x + 12. Let s(m) = m - 13. Let c(h) = 6*k(h) + 5*s(h). Let t be c(-5). Let v be -1 + 1/1 + 3. Calculate the highest common factor of t and v.
3
Let f(c) = c**2 - 2*c - 4. Let i be f(5). Suppose 2*q + 40 = -j, -i - 163 = 4*j + q. Let o be 2*(-2)/4*j. Calculate the highest common divisor of o and 11.
11
Let y(w) = 8 - w**2 + 4 + 1 - 15*w - 3. Let j be y(-11). Calculate the highest common divisor of j and 18.
18
Let x = 0 - -4. Let m(n) = 5*n**2 + n - 4. Let v be m(x). Calculate the highest common factor of v and 32.
16
Suppose 0 = -w + 20 + 2. Let v = w + -8. Calculate the highest common divisor of v and 154.
14
Suppose 15 = -2*b - 3*p, b - p = -0 + 5. Let w be 18*((-2)/(-3) - b). Suppose -2*d = -86 - 82. What is the greatest common divisor of w and d?
12
Let p be (2 + -2 + -1)*1. Let m be -2 - (p - (12 - -1)). What is the highest common factor of 12 and m?
12
Let s = -2 - -2. Suppose s = 2*z - 3*z + 15. Let w = -119 - -254. What is the greatest common factor of w and z?
15
Suppose -6*w + 2*w = -616. Calculate the highest common factor of w and 14.
14
Let u(r) = 2*r**3 + 18*r**2 - 5*r - 20. Let f be u(-9). Suppose -4*q = -0*q + 5*o - 40, -28 = -4*q - 2*o. What is the highest common divisor of f and q?
5
Let q = 100 + -89. What is the greatest common factor of q and 99?
11
Let f(l) = -2*l**3 - 5*l**2 + 3*l + 6. Let v be f(-4). What is the highest common factor of v and 21?
21
Let n(v) = -v**2 - 14*v - 17. Let i be n(-11). What is the greatest common factor of 8 and i?
8
Suppose -5*l - 76 = -p, -4*l + 0*l - 20 = 0. Calculate the highest common divisor of 34 and p.
17
Let x(n) = n**2 - 3*n - 4. Let k be x(6). Calculate the greatest common factor of 14 and k.
14
Let m = -3 - -4. Let n(a) = 11*a**2 - 2*a + 1. Let y be n(m). What is the highest common factor of y and 110?
10
Suppose -24 = -5*l + a, -2*a + 8 = 6*l - 2*l. Let p be 2/(-10) - 3/(-15). Suppose p*o - 160 = -l*o. What is the highest common factor of o and 4?
4
Suppose 6*u - 37 = 5. Calculate the greatest common divisor of 28 and u.
7
Let i(p) = 3*p**3 - p**2 + 1. Let h be i(1). Let q = -21 + h. Let d = q - -88. What is the highest common factor of d and 14?
14
Let b(i) = -i - 2 - 3*i**2 + i**3 + 2*i - 4*i**2. Let c be b(7). Let d be 0/(-3 - 0) + -4 + 29. Calculate the greatest common factor of d and c.
5
Suppose -2*h = -4*i + 106, 4*i - h - 63 = 38. Suppose 3*j - 4*j + i = -3*a, -5*j - 3*a + 48 = 0. What is the greatest common factor of j and 48?
12
Suppose 31 = -2*i + 57. What is the hi